at is the highest common factor of 39 and 624?
39
Calculate the highest common factor of 686 and 28.
14
Calculate the highest common factor of 22 and 836.
22
Calculate the highest common divisor of 4 and 52.
4
Calculate the highest common factor of 25204 and 4.
4
Calculate the greatest common divisor of 288 and 80.
16
Calculate the highest common factor of 1519 and 62.
31
What is the highest common divisor of 63 and 455?
7
What is the highest common factor of 171 and 144?
9
Calculate the highest common divisor of 26 and 28249.
13
What is the greatest common factor of 426 and 6?
6
Calculate the highest common factor of 2091 and 123.
123
What is the greatest common factor of 2 and 64?
2
What is the greatest common factor of 1920 and 64?
64
What is the highest common factor of 5 and 50?
5
Calculate the greatest common divisor of 96 and 18.
6
What is the highest common divisor of 326 and 45314?
326
What is the highest common divisor of 320 and 10?
10
Calculate the highest common factor of 189 and 462.
21
What is the greatest common factor of 31302 and 188?
94
Calculate the highest common divisor of 1806 and 42.
42
Calculate the greatest common divisor of 31 and 527.
31
What is the highest common factor of 2208 and 24?
24
What is the highest common divisor of 896 and 28?
28
Calculate the greatest common divisor of 2 and 34.
2
Calculate the highest common divisor of 19 and 5909.
19
What is the greatest common factor of 2035 and 555?
185
What is the greatest common factor of 66784 and 32?
32
Calculate the greatest common factor of 1629 and 1267.
181
Calculate the highest common divisor of 558 and 434.
62
What is the highest common divisor of 33 and 165?
33
What is the highest common divisor of 2 and 222?
2
What is the highest common divisor of 216 and 3006?
18
What is the highest common factor of 74 and 481?
37
Calculate the greatest common divisor of 374 and 544.
34
Calculate the greatest common factor of 2390 and 30.
10
What is the highest common factor of 350 and 20?
10
Calculate the highest common factor of 44 and 4708.
44
What is the greatest common divisor of 351 and 13?
13
What is the highest common factor of 2111 and 2?
1
Calculate the greatest common factor of 80 and 3856.
16
What is the greatest common factor of 30212 and 166?
166
What is the greatest common factor of 892 and 92?
4
What is the greatest common factor of 27071 and 107?
107
What is the highest common factor of 17 and 1955?
17
What is the greatest common factor of 1067 and 176?
11
Calculate the greatest common factor of 1449 and 9.
9
What is the greatest common factor of 28 and 1428?
28
What is the highest common factor of 43 and 1?
1
What is the highest common factor of 58 and 1450?
58
Calculate the greatest common divisor of 1564 and 368.
92
What is the highest common divisor of 1729 and 26?
13
Calculate the greatest common divisor of 480 and 300.
60
What is the highest common factor of 41 and 451?
41
Calculate the highest common factor of 345 and 15.
15
What is the greatest common factor of 608 and 32?
32
What is the greatest common divisor of 19 and 513?
19
What is the highest common divisor of 196 and 28?
28
Calculate the greatest common factor of 3405 and 45.
15
What is the greatest common divisor of 1615 and 133?
19
Calculate the highest common divisor of 1524 and 60.
12
Calculate the highest common factor of 265 and 320.
5
What is the greatest common factor of 169 and 871?
13
Calculate the greatest common factor of 129 and 65274.
129
What is the highest common divisor of 14 and 1589?
7
Calculate the greatest common factor of 28 and 301.
7
Calculate the greatest common factor of 72 and 14.
2
What is the highest common divisor of 17 and 1819?
17
What is the highest common factor of 198 and 286?
22
What is the highest common divisor of 117 and 81?
9
What is the highest common factor of 96 and 588?
12
Calculate the greatest common divisor of 17 and 3281.
17
What is the highest common divisor of 495 and 55?
55
Calculate the greatest common divisor of 10 and 260.
10
What is the highest common divisor of 9 and 56961?
9
What is the highest common factor of 2223 and 9?
9
What is the highest common factor of 24 and 688?
8
Calculate the highest common divisor of 12 and 1320.
12
What is the highest common divisor of 127341 and 9?
9
Calculate the highest common divisor of 1634 and 774.
86
What is the highest common divisor of 312 and 195?
39
What is the highest common divisor of 76 and 57?
19
What is the greatest common divisor of 3627 and 99?
9
What is the greatest common factor of 737 and 268?
67
What is the highest common factor of 1098 and 90?
18
Calculate the highest common factor of 11 and 1969.
11
Calculate the highest common divisor of 3841 and 230.
23
What is the highest common divisor of 825 and 33?
33
Calculate the highest common divisor of 40 and 920.
40
What is the highest common divisor of 17172 and 54?
54
Calculate the greatest common factor of 24 and 8.
8
Calculate the greatest common factor of 52 and 12.
4
Calculate the greatest common divisor of 1648 and 103.
103
Calculate the highest common factor of 35 and 25.
5
What is the highest common factor of 3505 and 5?
5
Calculate the greatest common divisor of 6 and 4.
2
Calculate the greatest common factor of 50 and 50.
50
What is the highest common divisor of 156 and 2262?
78
Calculate the highest common divisor of 24 and 6.
6
Calculate the highest common divisor of 40 and 40.
40
Calculate the greatest common divisor of 8 and 568.
8
What is the greatest common divisor of 2070 and 2530?
230
Calculate the greatest common factor of 81 and 2.
1
What is the highest common factor of 14 and 50?
2
What is the highest common divisor of 589 and 31?
31
Calculate the greatest common divisor of 602 and 14.
14
What is the highest common divisor of 13 and 117?
13
Calculate the highest common divisor of 3125 and 5.
5
What is the greatest common factor of 243 and 891?
81
What is the greatest common divisor of 5 and 3385?
5
What is the greatest common divisor of 18 and 1314?
18
Calculate the greatest common divisor of 192 and 5888.
64
What is the highest common factor of 236 and 885?
59
What is the greatest common factor of 15457 and 82?
41
What is the highest common factor of 3 and 3?
3
Calculate the greatest common factor of 784 and 224.
112
Calculate the highest common factor of 450 and 210.
30
What is the greatest common factor of 46 and 25783?
23
Calculate the highest common divisor of 1029 and 147.
147
What is the highest common divisor of 140 and 1190?
70
What is the highest common divisor of 30 and 5235?
15
What is the greatest common factor of 460 and 60?
20
What is the greatest common factor of 20 and 940?
20
Calculate the greatest common divisor of 1072 and 128.
16
Calculate the greatest common factor of 2425 and 97.
97
Calculate the highest common factor of 2950 and 10.
10
What is the greatest common divisor of 159 and 2?
1
Calculate the highest common factor of 3664 and 3893.
229
What is the greatest common factor of 24 and 1608?
24
Calculate the highest common factor of 1840 and 6555.
115
Calculate the greatest common factor of 28 and 644.
28
Calculate the greatest common factor of 216 and 144.
72
Calculate the greatest common divisor of 141 and 27777.
141
What is the greatest common divisor of 90 and 66?
6
Calculate the highest common factor of 6431 and 109.
109
What is the highest common factor of 513 and 76?
19
Calculate the greatest common factor of 132 and 174.
6
Calculate the greatest common factor of 2313 and 6.
3
Calculate the highest common factor of 4572 and 108.
36
What is the greatest common factor of 532 and 28?
28
Calculate the greatest common factor of 165 and 3696.
33
Calculate the greatest common divisor of 864 and 27.
27
Calculate the greatest common divisor of 1602 and 24.
6
Calculate the highest common divisor of 57 and 2071.
19
Calculate the greatest common divisor of 4 and 98.
2
What is the highest common divisor of 242 and 550?
22
What is the highest common factor of 325 and 65?
65
Calculate the greatest common divisor of 1640 and 123.
41
What is the highest common divisor of 260 and 169?
13
Calculate the highest common factor of 14 and 32410.
14
Calculate the highest common factor of 168 and 68